, 7951
What are the prime factors of 189966635?
5, 659, 57653
List the prime factors of 1458276288.
2, 3, 7, 157, 6911
What are the prime factors of 126383546?
2, 59, 1071047
List the prime factors of 32657970.
2, 3, 5, 643, 1693
List the prime factors of 178209095.
5, 35641819
List the prime factors of 135999248.
2, 7, 11, 59, 1871
List the prime factors of 194864639.
79, 809, 3049
List the prime factors of 57526829.
59, 211, 4621
List the prime factors of 495092878.
2, 7, 31, 179, 6373
What are the prime factors of 2122978850?
2, 5, 79, 229, 2347
What are the prime factors of 6458561504?
2, 1171, 172357
What are the prime factors of 508487599?
43, 11825293
List the prime factors of 73730011.
37, 191, 10433
What are the prime factors of 3326258253?
3, 379, 2925469
List the prime factors of 1059667239.
3, 17, 199, 263, 397
What are the prime factors of 2140383?
3, 7, 227, 449
List the prime factors of 7329347.
1297, 5651
List the prime factors of 737193182.
2, 11, 33508781
List the prime factors of 5457885897.
3, 43, 42309193
What are the prime factors of 608096278?
2, 73, 4165043
List the prime factors of 1455573192.
2, 3, 37, 1639159
List the prime factors of 924440657.
7, 132062951
List the prime factors of 3242632.
2, 23, 17623
List the prime factors of 119620312.
2, 7, 2136077
List the prime factors of 1866890528.
2, 58340329
List the prime factors of 225209085.
3, 5, 15013939
What are the prime factors of 75986532?
2, 3, 17, 41387
List the prime factors of 925561.
7, 13, 1453
List the prime factors of 264322139.
264322139
What are the prime factors of 155819388?
2, 3, 23, 199, 2837
List the prime factors of 4381464435.
3, 5, 292097629
What are the prime factors of 46384341?
3, 211, 73277
List the prime factors of 1305964491.
3, 13, 33486269
List the prime factors of 11038302.
2, 3, 11, 18583
What are the prime factors of 76297835?
5, 181, 84307
List the prime factors of 2745232507.
12713, 215939
What are the prime factors of 20948770?
2, 5, 557, 3761
What are the prime factors of 107881747?
107881747
List the prime factors of 991257974.
2, 7, 70804141
What are the prime factors of 2445997710?
2, 3, 5, 13, 6271789
List the prime factors of 5399358695.
5, 17, 63521867
List the prime factors of 300440878.
2, 2243, 66973
What are the prime factors of 305136180?
2, 3, 5, 107, 5281
List the prime factors of 1463552470.
2, 5, 31, 4721137
What are the prime factors of 350433611?
11, 3323, 9587
What are the prime factors of 227529474?
2, 3, 37921579
What are the prime factors of 690884727?
3, 13, 41, 432073
List the prime factors of 118332352.
2, 1848943
What are the prime factors of 143366007?
3, 53, 131, 6883
List the prime factors of 151224271.
11, 373, 36857
List the prime factors of 11749213.
7, 1678459
List the prime factors of 6565205836.
2, 7, 23, 257, 39667
List the prime factors of 1511759595.
3, 5, 17, 919, 6451
What are the prime factors of 3867999?
3, 1289333
List the prime factors of 347297276.
2, 19, 4569701
What are the prime factors of 502010006?
2, 23, 37, 294953
What are the prime factors of 27396420?
2, 3, 5, 456607
What are the prime factors of 203626270?
2, 5, 20362627
What are the prime factors of 113384277?
3, 499, 25247
What are the prime factors of 2505484208?
2, 17, 23, 619, 647
List the prime factors of 133073888.
2, 4158559
List the prime factors of 80449927.
193, 416839
What are the prime factors of 414698838?
2, 3, 73, 946801
What are the prime factors of 53076129?
3, 89, 137, 1451
What are the prime factors of 130353848?
2, 16294231
List the prime factors of 2183923043.
2183923043
What are the prime factors of 805480666?
2, 467, 862399
List the prime factors of 2613307388.
2, 17, 607, 63313
List the prime factors of 44159213.
7, 6308459
List the prime factors of 433165412.
2, 5081, 21313
What are the prime factors of 16346100?
2, 3, 5, 23, 103
List the prime factors of 2380244569.
89, 1693, 15797
List the prime factors of 104539326.
2, 3, 17423221
List the prime factors of 173526421.
23, 7544627
What are the prime factors of 2426668441?
53, 45786197
What are the prime factors of 1090669?
17, 64157
What are the prime factors of 112078278?
2, 3, 13, 478967
List the prime factors of 678189503.
673, 1007711
List the prime factors of 107764310.
2, 5, 2963, 3637
What are the prime factors of 40691062?
2, 20345531
List the prime factors of 4384100364.
2, 3, 7, 1553, 4801
What are the prime factors of 3014574898?
2, 157, 9600557
What are the prime factors of 67394079?
3, 2496077
List the prime factors of 48819170.
2, 5, 19, 89, 2887
List the prime factors of 1542040825.
5, 13, 4744741
List the prime factors of 13158037.
839, 15683
List the prime factors of 113533157.
17, 6678421
List the prime factors of 2420745770.
2, 5, 17, 1061, 13421
List the prime factors of 767014528.
2, 7, 856043
List the prime factors of 2180513987.
2180513987
List the prime factors of 346350456.
2, 3, 331, 14533
What are the prime factors of 50429170?
2, 5, 11, 71, 587
What are the prime factors of 1847654235?
3, 5, 7, 29, 223, 907
List the prime factors of 295948608.
2, 3, 53, 127, 229
List the prime factors of 832672918.
2, 7, 11, 67, 80701
List the prime factors of 409889647.
23, 2213, 8053
List the prime factors of 12934958.
2, 6467479
What are the prime factors of 3190942826?
2, 37, 3767, 11447
List the prime factors of 51388387.
51388387
List the prime factors of 2668250527.
89, 223, 233, 577
What are the prime factors of 2676571179?
3, 53, 16833781
What are the prime factors of 22436349?
3, 13, 61, 9431
What are the prime factors of 116897840?
2, 5, 29, 50387
List the prime factors of 56905852.
2, 37, 103, 3733
List the prime factors of 14054339.
13, 37, 61, 479
List the prime factors of 632932856.
2, 79116607
What are the prime factors of 8815523494?
2, 17669, 249463
List the prime factors of 261910624.
2, 41, 89, 2243
What are the prime factors of 339750919?
339750919
What are the prime factors of 146661455?
5, 23, 1069, 1193
List the prime factors of 337565514.
2, 3, 11, 13, 19, 20707
List the prime factors of 540833.
379, 1427
What are the prime factors of 17139499?
13, 43, 30661
List the prime factors of 987195844.
2, 19, 29, 419, 1069
What are the prime factors of 19787248?
2, 13, 95131
List the prime factors of 94389500.
2, 5, 188779
What are the prime factors of 44355130?
2, 5, 4435513
What are the prime factors of 7716122?
2, 67, 89, 647
List the prime factors of 3962791387.
2273, 1743419
What are the prime factors of 635922371?
7, 90846053
What are the prime factors of 127218723?
3, 71, 597271
List the prime factors of 35709265.
5, 17, 19, 22111
List the prime factors of 9094713.
3, 3031571
List the prime factors of 435308846.
2, 7, 487, 1303
What are the prime factors of 307725171?
3, 13, 67, 9059
List the prime factors of 72360161.
72360161
What are the prime factors of 31682955?
3, 5, 41, 51517
List the prime factors of 373371220.
2, 5, 53, 352237
List the prime factors of 562108.
2, 140527
What are the prime factors of 167098600?
2, 5, 271, 3083
List the prime factors of 509586808.
2, 43, 1481357
What are the prime factors of 1669104169?
1669104169
What are the prime factors of 653182?
2, 19, 17189
What are the prime factors of 3078369550?
2, 5, 19, 3240389
List the prime factors of 1121043801.
3, 17, 21981251
What are the prime factors of 1993810303?
17, 117282959
What are the prime factors of 932855?
5, 7, 11, 2423
List the prime factors of 759116146.
2, 113, 199, 16879
List the prime factors of 336128272.
2, 3079, 6823
What are the prime factors of 203231779?
617, 329387
List the prime factors of 568566801.
3, 11, 5743099
What are the prime factors of 2941082403?
3, 7, 140051543
What are the prime factors of 371784856?
2, 19, 877, 2789
What are the prime factors of 235536140?
2, 5, 7, 31, 7753
What are the prime factors of 3259323590?
2, 5, 325932359
List the prime factors of 2839445095.
5, 109, 1087, 4793
List the prime factors of 1900698367.
29, 79, 829637
What are the prime factors of 707491633?
707491633
What are the prime factors of 2171144732?
2, 17, 2801, 11399
List the prime factors of 212486915.
5, 29, 1465427
What are the prime factors of 6658443256?
2, 832305407
What are the prime factors of 38098134?
2, 3, 